1. Calculate t(1).
16
Let j(f) = -f**2 - 2711998*f - 10847969. Calculate j(-4).
7
Let c(s) = 308*s + 20744. Calculate c(-67).
108
Let s(x) = -255*x - 94166. Give s(-369).
-71
Let r(j) = -3*j**3 - 363*j**2 + 9388*j + 66. Determine r(22).
-1034
Let k(m) = 695*m + 7149. What is k(-12)?
-1191
Let l(t) = -130*t**2 + 420*t + 101. Give l(5).
-1049
Let g(c) = 214*c**2 + 11125*c - 165. Give g(-52).
-9
Let j(x) = -x**3 + 176*x**2 - 5076*x - 43. Give j(36).
-1339
Let g(f) = 50*f**2 - 1221*f + 6735. What is g(16)?
-1
Let z(h) = 166*h**2 + 5784*h - 63. Determine z(-35).
847
Let t(z) = -636*z + 7490. Give t(9).
1766
Let u(f) = 9*f**2 + 165*f + 726. Calculate u(-5).
126
Let x(a) = 3*a**3 + 47*a**2 - 202*a - 257. What is x(-19)?
-29
Let l(i) = -24*i**2 - 1905*i - 18021. Calculate l(-11).
30
Let b(h) = h**3 + 11*h**2 - 133*h - 65. Determine b(-18).
61
Let h(j) = 106*j**2 + 15329*j - 5867. Calculate h(-145).
78
Let a(g) = -g**3 - 83*g**2 + 188*g + 1481. Calculate a(-85).
-49
Let u(q) = 2004*q - 22377. Give u(12).
1671
Let h(l) = -22*l**2 + 1732*l - 5193. Give h(3).
-195
Let t(x) = -x**2 - 33*x + 3782. Give t(-89).
-1202
Let b(w) = -4*w**2 + 121*w - 754. Give b(22).
-28
Let i(s) = 2611*s + 154058. Give i(-59).
9
Let q(a) = -2*a**3 + 126*a**2 - 26*a + 1661. Give q(63).
23
Let q(v) = 2257*v - 128658. Calculate q(57).
-9
Let s(h) = 2*h**3 - 30*h**2 + 20*h + 178. What is s(14)?
66
Let f(r) = r**2 + 4637*r + 147358. What is f(-32)?
-2
Let g(y) = -y**3 + 85*y**2 - 1239*y - 994. Determine g(66).
-4
Let j(q) = -q**2 + 1072*q - 8431. Determine j(8).
81
Let h(c) = c**2 + 36*c - 1198. Give h(23).
159
Let o(t) = -t**2 - 495*t - 2447. Give o(-490).
3
Let d(y) = -44*y**2 + 17827*y - 2820. Determine d(405).
15
Let z(v) = 381*v + 66037. What is z(-180)?
-2543
Let j(v) = -2*v**3 + 105*v**2 + 339*v - 9512. Determine j(54).
46
Let c(w) = 2*w**3 - 58*w**2 + 1362*w - 13183. Determine c(14).
5
Let q(p) = -p**2 + 35631*p - 1139169. What is q(32)?
-1
Let i(m) = -2*m**3 - 89*m**2 + 303*m - 1589. Give i(-48).
-5
Let r(t) = 5905*t + 1027482. Determine r(-174).
12
Let y(u) = -19749*u - 552975. Determine y(-28).
-3
Let k(y) = -44552*y - 534631. Determine k(-12).
-7
Let k(c) = 2*c**2 + 126*c - 2355. Calculate k(-79).
173
Let k(h) = h**3 + 320*h**2 - 1000*h - 10014. Give k(-323).
-1
Let y(i) = -69*i**2 + 623*i + 1244. What is y(-2)?
-278
Let g(b) = -b**3 - b**2 - 1087*b + 3303. Determine g(3).
6
Let i(n) = -8566*n + 25677. Calculate i(3).
-21
Let i(x) = -24*x**3 + x**2 + 2177*x + 6528. Determine i(-3).
654
Let x(q) = -q**3 + 54*q**2 + 71*q - 3997. Give x(54).
-163
Let q(m) = 25*m**2 - 230*m - 70. What is q(0)?
-70
Let i(u) = 5*u**2 - 13*u + 53. Give i(-8).
477
Let x(u) = 1829*u + 9875. Determine x(-5).
730
Let w(s) = -s**3 + 2*s**2 - 25*s + 1773. Give w(12).
33
Let a(u) = 208477*u + 2084768. Determine a(-10).
-2
Let h(d) = -39*d**2 - 512*d + 2904. Determine h(6).
-1572
Let s(n) = 1879*n - 69311. What is s(37)?
212
Let w(n) = -2*n**2 + 1036*n + 318990. Calculate w(-217).
0
Let u(r) = -5*r**3 - 7*r**2 + 35*r - 153. Determine u(5).
-778
Let b(f) = 4*f**3 + 302*f**2 + 981*f - 2106. Calculate b(-72).
-162
Let a(p) = 186*p + 5739. Determine a(-29).
345
Let o(w) = -92*w**2 + 3338*w - 194. Determine o(36).
742
Let d(i) = 10*i**2 + 109*i - 622. What is d(5)?
173
Let k(c) = c**2 - 299*c - 18897. Determine k(-62).
3485
Let c(i) = 5*i**3 + 311*i**2 - 263*i - 671. What is c(-63)?
22
Let q(p) = -p**3 + 119*p**2 - 3557*p + 1034. Calculate q(59).
31
Let l(x) = 732*x**3 + x**2 - 133*x - 260. Calculate l(-2).
-5846
Let s(k) = -k**3 - 206*k**2 + 227*k + 3910. What is s(-207)?
-230
Let y(l) = l**2 - 100*l - 32763. Give y(237).
-294
Let o(k) = -k**3 - 7*k**2 + 89*k - 82. Determine o(6).
-16
Let j(m) = -m**3 + 83*m**2 + 239*m - 5869. Calculate j(85).
-4
Let o(y) = -5*y**3 - 4561*y**2 - 914*y - 1846. What is o(-912)?
-22
Let g(o) = -344*o**2 - 5853*o - 185. Determine g(-17).
-100
Let n(f) = -2*f**3 - 113*f**2 - 1547*f - 115. Determine n(-23).
23
Let v(j) = j**3 + 23*j**2 - 357*j - 184. What is v(11)?
3
Let i(a) = -46*a**3 - 5*a**2 - 345*a + 4. Determine i(0).
4
Let i(l) = -25629*l - 281924. Give i(-11).
-5
Let u(c) = -237*c**2 + 261171*c + 3300. Give u(1102).
-6
Let w(b) = -4*b**3 - 182*b**2 - 108*b - 11. Calculate w(-45).
799
Let j(p) = -2*p**2 + 469*p + 761. What is j(236)?
53
Let w(z) = 7*z**2 + 21814*z + 21814. Give w(-1).
7
Let a(l) = 2396*l**2 + 1438*l + 1438. Determine a(-1).
2396
Let o(m) = -m**2 + 938*m + 263059. Determine o(-226).
-5
Let i(a) = a**3 + 149*a**2 - 11919*a - 36451. Calculate i(-206).
11
Let b(y) = -563*y**2 - 47*y - 5. What is b(-2)?
-2163
Let p(v) = 7*v**2 + 86*v - 1303. What is p(14)?
1273
Let x(m) = -3*m**2 + 1069*m + 7627. Calculate x(-7).
-3
Let v(y) = -4*y**3 - 27*y**2 + 1812*y + 10967. Give v(-6).
-13
Let b(x) = x**3 + 22*x**2 + 31*x - 91. Determine b(-20).
89
Let c(n) = -2659*n - 688681. Calculate c(-259).
0
Let r(i) = -26*i**2 + 11538*i - 8871. Give r(443).
-11
Let i(s) = 2586*s - 5002. Give i(2).
170
Let x(c) = c**3 - 35*c**2 - 3*c + 55. Calculate x(35).
-50
Let o(g) = -98*g**2 + 818*g + 7763. Determine o(14).
7
Let j(a) = -a**2 - 147*a + 23761. What is j(106)?
-3057
Let q(k) = k**2 - 152950*k + 2905683. Give q(19).
-6
Let v(r) = 8125*r**2 - 266*r + 2. Calculate v(1).
7861
Let v(l) = -131*l + 6804. Give v(52).
-8
Let h(d) = 127332*d + 2546684. Determine h(-20).
44
Let c(n) = -452*n - 2287. Give c(-5).
-27
Let g(k) = -14859*k**2 + 995556*k - 210. Determine g(67).
-9
Let n(g) = -68*g**2 - 1143*g + 3425. Calculate n(3).
-616
Let t(v) = v**3 + 665*v**2 - 249*v - 165585. Determine t(-665).
0
Let l(x) = -253*x - 44402. Determine l(-177).
379
Let y(v) = -77*v**3 + 4*v**2 - 6*v + 9. Calculate y(2).
-603
Let u(o) = 12916*o - 400409. Calculate u(31).
-13
Let q(v) = 5*v**2 + 170*v + 14. What is q(-27)?
-931
Let r(c) = c**3 + 111*c**2 - 6610*c - 104. What is r(43)?
412
Let x(m) = 132*m**2 + 1178*m - 1177. What is x(1)?
133
Let l(r) = 698*r + 51323. Give l(-73).
369
Let y(s) = 4*s**3 - 14*s**2 - 139*s - 369. Calculate y(-6).
-903
Let q(l) = 15269*l - 15290. Determine q(1).
-21
Let j(m) = -13910*m + 27804. Calculate j(2).
-16
Let g(l) = -38*l**3 + 141*l**2 + 26*l - 4. Calculate g(4).
-76
Let g(u) = 2*u**2 + 492*u + 27057. What is g(-163)?
-1
Let b(o) = -2*o**2 - 956*o + 3846. What is b(4)?
-10
Let g(y) = -y**3 - 245*y**2 + 1457*y - 12137. Calculate g(-251).
162
Let c(n) = -293*n**2 - 3160*n - 6538. What is c(-8)?
-10
Let u(i) = 4637*i**3 - 5*i**2 - 9*i + 3. Calculate u(-1).
-4630
Let b(x) = 2474*x + 267168. Determine b(-108).
-24
Let n(c) = 916*c + 43958. What is n(-48)?
-10
Let u(w) = 4*w**2 + 1438*w + 13045. Calculate u(-9).
427
Let n(g) = -14*g**2 - 3811*g - 878. Give n(-272).
-62
Let b(r) = -2693*r - 902148. What is b(-335)?
7
Let h(l) = l**3 + 343*l**2 + 19731*l - 83. Determine h(-73).
-1616
Let s(f) = -1918*f**2 - 7630*f + 38. Calculate s(-4).
-130
Let d(j) = -j**3 + 234*j**2 + j + 24. Calculate d(234).
258
Let h(p) = p**3 + p + 189. What is h(0)?
189
Let q(t) = 556*t - 26645. Give q(48).
43
Let p(q) = 25101*q + 251017. Give p(-10).
7
Let x(y) = -17296*y - 3632167. Give x(-210).
-7
Let d(j) = 2*j**3 - 158*j**2 + 29*j - 2085. Give d(79).
206
Let i(q) = -89*q**2 + 223*q + 2663. What is i(7)?
-137
Let q(b) = -2*b**3 - 6186*b**2 - 135124*b - 6. Give q(-22).
-6
Let n(v) = -53579*v - 10983696. Determine n(-205).
-1
Let q(s) = 6677*s + 1161797. Calculate q(-174).
-1
Let g(m) = 2*m**2 - 41*m - 1376. What is g(-18)?
10
Let x(z) = -3*z**2 + 1431*z + 52117. What is x(-34)?
-5
Let j(b) = -672*b - 80589. What is j(-120)?
51
Let j(p) = -1607*p + 544776. Determine j(339).
3
Let p(j) = 2362*j - 3627. What is p(3)?
3459
Let v(s) = 101488*s - 2435717. Calculate v(24).
-5
Let d(r) = -2*r**3 + 23*r**2 - 57*r + 27. Calculate d(16).
-3189
Let d(h) = -38*h**2 + 458*h + 10903. Determine d(24).
7
Let x(j) = -23120*j + 5040167. Calculate x(218).
7
Let p(x) = 350*x - 1084. Calculate p(7).
1366
Let o(t) = t**2 - 684*t - 45062. Determine o(-61).
383
Let p(r) = -70*r**2 + 1916*r - 3577. Calculate p(2).
-25
Let x(n) = -n**3 - 209*n**2 + 2430*n - 47. What is x(11)?
63
Let l(x) = 262*x**2 - 13371*x + 425. Give l(51).
-34
Let b(i) = 9050*i + 189884. Give b(-21).
-166
Let v(r) = -2*r**2 - 97*r + 16567. What is v(70)?
-